- s. What is the units digit of w?
1
Let y(f) = -3*f**2 + 20*f + 3. Let s(i) = 2*i**3 + 8*i**2 + 4*i. Let a be s(-3). What is the units digit of y(a)?
5
What is the hundreds digit of 466*(15/(-6))/((-25)/115)?
3
Suppose 0*g = -14*g + 46242. What is the tens digit of g?
0
Suppose 961 = 5*a - q, -6*q = -a - q + 173. What is the tens digit of a?
9
Suppose 3*d - 13274 = -a, 5*d - 3*a - 22112 = a. What is the units digit of d?
4
What is the tens digit of 713/3 - 6/9?
3
Let d(l) = -l + 3. Let o be ((-28)/42)/(2/(-9)). Let v be d(o). Suppose -8*n = -v*n - 480. What is the tens digit of n?
6
Let w = 845 + -429. What is the units digit of w?
6
What is the hundreds digit of (196 - 12/(-1))*6?
2
Suppose 32*k - 5687 = 4201. What is the units digit of k?
9
What is the hundreds digit of 798 + 1 + (-5 + 6 - 4)?
7
Suppose -8*o + 3*o = -25. Suppose 22*f - o*f = 3825. What is the hundreds digit of f?
2
What is the tens digit of (1620/42 + 10)*(-7)/(-2)?
7
Suppose -12*w = -9*w + 54. What is the units digit of (-6)/(-4*(-3)/w)*11?
9
Let t(i) = i**3 + 12*i**2 + 7*i + 3. What is the units digit of t(-6)?
7
Let h(g) = -4*g + 3. Let n be h(-6). Suppose 49*p - 48*p - 90 = 0. Let i = p - n. What is the tens digit of i?
6
Suppose -11*o - 7640 = -14*o - 4*a, -3*o + 3*a = -7668. What is the thousands digit of o?
2
Let z be (10/3)/((-8)/(-276)). Let q be (-57)/(-2) - 22/(-44). Suppose -2*n - y = -n - q, z = 3*n - 4*y. What is the tens digit of n?
3
Suppose t + 4*s + 39 = 0, 6*t - 3*s - 37 = 7*t. Let k = -5 - t. What is the units digit of k?
6
Let c(k) = -8*k + 120. What is the units digit of c(-13)?
4
Suppose 0 = -2*h + 10, 0 = -5*i + 3*h - 0 - 5. Suppose 5*t = 2*j, -t - 4*j - 24 = -i. Let x(v) = -v**3 - 2*v + 1. What is the tens digit of x(t)?
1
Let x = -47 + 56. Let f(v) = -v**2 + 13*v - 7. What is the tens digit of f(x)?
2
Suppose 3*l + 36 = -0*l. Let a(o) = o**3 + 11*o**2 - 13*o - 13. Let h be a(l). What is the tens digit of (3 - 380/5)*h?
7
Suppose 6*s = 9*s - 2763. What is the tens digit of s?
2
What is the units digit of 0/2 + 4544/(0 + 4)?
6
Let w = 98 + -38. Let d = w - -202. What is the hundreds digit of d?
2
Let g(a) = -a**3 + 6*a**2 - 3*a + 9. Let v be g(6). Let n(k) = -8*k - 1. Let t be n(v). Let j = t + -49. What is the units digit of j?
2
Let m(x) = 2 + 6*x + 0 - 3*x - 5. Let d be m(1). Suppose 0 = -5*p + 25, 4*u = -d*u + 2*p + 74. What is the units digit of u?
1
Suppose 18*k = 24*k - 5184. Suppose 3*i = a + a - 576, 5*i = -3*a + k. What is the tens digit of a?
8
Let z = -3 - -5. Let v(x) = 3 + 5*x - x**z + 3*x**2 - x**2. What is the units digit of v(-5)?
3
Let m(b) = 2*b**2 - 6*b - 6. Let x be m(-9). Suppose -5*j + 255 + x = 0. What is the tens digit of j?
9
Suppose 44*y - 246813 = -5*y. What is the tens digit of y?
3
Let q = -175 + 430. What is the hundreds digit of q?
2
Let o = 727 - 238. What is the hundreds digit of o?
4
Let y(d) = -d**2 + 4. Let t(r) = -r**2 + 4. Let i be t(0). Suppose 4*z = 5*v - 12, -i = -4*v + 2*z + 2. What is the units digit of y(v)?
4
Suppose -2289 = -m + 3*z, -2*z + 9124 = 4*m - 6*z. What is the hundreds digit of m?
2
Suppose -5*f - 7 - 28 = 0. Let b be (1 - 0) + f/(-7). Suppose b*t - 2 - 77 = -5*h, -82 = -5*h - t. What is the units digit of h?
7
Let d(j) = -2*j - 6. Suppose 4*v + 23 = -21. Let p be d(v). Suppose -p*n = -14*n - 54. What is the units digit of n?
7
Suppose 5*v + 98 = 2*s, s + 2*v = 5*s - 180. Let w = s - 22. Let j = w - -5. What is the units digit of j?
7
Let o = -257 - -1208. What is the units digit of o?
1
Let l(i) = -i**3 - 9*i**2 - 8*i - 4. Let j be l(-8). What is the tens digit of (-16)/j + 70 + -5?
6
Suppose 5*f + 5*g - 265 = 0, 5*f - 9 - 277 = 2*g. Suppose 3*y = v - y - 3, -4*v + f = -5*y. Suppose 4*o - v = -15. What is the units digit of o?
1
Suppose -83*l + 49071 = -50*l. What is the units digit of l?
7
Suppose 8 = 2*i, -3*r + i = 3*i - 161. Suppose 5*w - r - 209 = 0. What is the tens digit of w?
5
Let u be ((-2 - -2)/(-3))/(-2). Suppose -2*q + 154 = -u*q. What is the units digit of q?
7
Suppose -3*g + 4 = -2. Suppose 2*c + 2 = -g. Let l(d) = -10*d - 5. What is the tens digit of l(c)?
1
Let h(w) = 670*w + 10. What is the tens digit of h(1)?
8
Suppose 0 = -35*q + 24906 - 3381. What is the hundreds digit of q?
6
Suppose 0 = -2*o - 3*o + 3*w + 1645, o - 4*w - 312 = 0. What is the tens digit of o?
3
What is the units digit of (-2 - 7) + 2 - -199?
2
Let b(x) = x**2 - x + 4. Suppose -4*k + 2*k + 5*c - 23 = 0, -4*c = k + 5. Let o be (-14)/63 - (-25)/k. What is the units digit of b(o)?
6
Suppose -4*a = -5*r - 1000, a + 48 - 298 = 3*r. Suppose -a = -5*k + 215. What is the tens digit of k?
9
Let n be 171*1/((-12)/(-8)). Suppose 28 - n = -2*d. What is the tens digit of d?
4
Let l(h) = h**2 + 12*h - 8. Let q be l(-13). Suppose -3*c = -q + 11. What is the units digit of c + 1 + 1*9?
8
Let l(t) = 10*t + 6 - 86*t - 6. What is the units digit of l(-1)?
6
Let b(n) = 2*n**2 - 28*n + 44. What is the hundreds digit of b(19)?
2
Suppose -2*s - 13 = g - 5, -21 = 5*s + 3*g. Let i be s + 6 + 126 + -1. Suppose -3*v - v + i = 0. What is the tens digit of v?
3
Let a = -3268 + 7801. What is the thousands digit of a?
4
Let m = 33 - 18. Let x = 121 + m. What is the tens digit of x?
3
Suppose 0*p + 56 = 2*b - p, 0 = 3*b + p - 84. Let k = -9 + b. Suppose -m + 5*s = -k, -s = -3*m + s + 70. What is the tens digit of m?
2
Let k = -4735 - -8767. What is the tens digit of k?
3
What is the units digit of 6030 - (2/6 - (-256)/96)?
7
What is the thousands digit of 108/(-12) + 4 + 2916/2?
1
Let h(k) be the second derivative of k**5/20 - 5*k**4/6 + 2*k**3/3 + 7*k**2 + 11*k. What is the units digit of h(10)?
4
Let o(s) = s**3 + 3*s**2 + 10*s - 11. Let b be o(-8). Let r = b + 585. What is the tens digit of r?
7
Suppose -3482 = -5*p - u, 0 = -12*p + 13*p + 2*u - 691. What is the units digit of p?
7
Suppose 1 + 44 = 3*z. Let r = -12 + z. Suppose -r*m - c - 60 = -154, -2*m - c = -61. What is the tens digit of m?
3
Suppose 4*u = 5*q + 551, -4*q = 2*u - 230 - 26. Suppose 0 = 8*l - 6*l - u. What is the tens digit of l?
6
Let f(b) = 30*b + 179. What is the thousands digit of f(44)?
1
Let y = 195 + -79. What is the hundreds digit of y?
1
Let q = 171 - -161. What is the units digit of q?
2
Let z be 43*(14 + -1) - (-5)/5. Suppose 5*m = m + z. What is the tens digit of m?
4
Suppose -5*j + 10*j = 3180. Suppose -5*b + j = -4*h, 5*b = -0*h + 3*h + 632. What is the units digit of b?
4
What is the thousands digit of -15*13/(-130)*3182?
4
Suppose -23*l = 9*l - 34624. What is the tens digit of l?
8
Let p(t) = t - 8. Let w be p(13). Suppose -5*y + 20 = -w*s, 0 = -0*y + y + s. Suppose -y*z + 19 = 3*k - 21, 2*k + 5 = 5*z. What is the units digit of k?
0
Let y(z) = 286*z**3 - z**2 + 18*z - 39. What is the tens digit of y(2)?
8
Let s = 344 + 55. What is the tens digit of s?
9
Let h(y) = 9*y**3 - 25*y**2 + 68*y - 31. What is the thousands digit of h(7)?
2
Suppose -8*m + 4*m = 0. Suppose 10*t - 12*t + 10 = m. Suppose -1 = -5*p + 4, -5*r + 30 = t*p. What is the units digit of r?
5
Let x(v) = v**2 - 6*v - 7. Let a be x(6). Let i(k) = k**2 + 5*k - 10. Let n be i(a). Suppose n*l = -9 + 1, 153 = 5*z + l. What is the units digit of z?
1
Let w be 5/10 + (-3)/(-6). Suppose p = 2*d - 7, -d + p = 5*p + 10. What is the units digit of -3 + d - (w + -11)?
9
Let o = -4 - -6. Let m(y) = 15 - 5*y - 5*y - 5*y + o*y - y**2. What is the units digit of m(-13)?
5
Suppose i - 3*h + 8*h = 180, 3*i + h = 568. Suppose -f + 20 = 3*r - 90, -5*r - 3*f + i = 0. What is the units digit of r?
5
What is the hundreds digit of (40/(-24))/((-1)/195)?
3
Let a = 1672 + 174. What is the tens digit of a?
4
Suppose 9*g + 366 = 1833. What is the hundreds digit of g?
1
Let x = -5333 - -9205. What is the thousands digit of x?
3
Let j(a) = -133*a + 3. Let p be j(-1). Suppose -p*i + 137*i = 51. What is the units digit of i?
1
Suppose -b + 0 = 2. What is the units digit of ((-8)/10)/(b/35)?
4
Let r = -220 + 221. Let k be (-3 - -3)/(-1 + -1). What is the tens digit of (57 - (r + 2)) + k?
5
Let x(t) = 3*t**3 - 6*t**2 + 2*t - 10. Let y = -11 + 15. Let i(r) = 2*r**3 - 6*r**2 + 3*r - 9. Let z(f) = y*i(f) - 3*x(f). What is the units digit of z(-7)?
1
What is the thousands digit of (-303)/6*(-5 + -25)?
1
What is the hundr